{"id":1230,"date":"2024-07-02T15:22:39","date_gmt":"2024-07-02T15:22:39","guid":{"rendered":"https:\/\/atfb.de\/?page_id=1230"},"modified":"2024-07-02T16:06:46","modified_gmt":"2024-07-02T16:06:46","slug":"projektmanagement","status":"publish","type":"page","link":"https:\/\/atfb.de\/?page_id=1230","title":{"rendered":"Projektmanagement"},"content":{"rendered":"\t\t<div data-elementor-type=\"wp-page\" data-elementor-id=\"1230\" class=\"elementor elementor-1230\" data-elementor-post-type=\"page\">\n\t\t\t\t<div class=\"elementor-element elementor-element-ed77c9a e-flex e-con-boxed e-con e-parent\" data-id=\"ed77c9a\" data-element_type=\"container\">\n\t\t\t\t\t<div class=\"e-con-inner\">\n\t\t\t\t<div class=\"elementor-element elementor-element-de4abb0 elementor-widget elementor-widget-text-editor\" data-id=\"de4abb0\" data-element_type=\"widget\" data-widget_type=\"text-editor.default\">\n\t\t\t\t<div class=\"elementor-widget-container\">\n\t\t\t\t\t\t\t<h2>Projektmanagement<\/h2><p>Projektmanagement dient dazu, bei der Organisation, Durchf\u00fchrung und Nachverfolgung Ihres Projekts zu unterst\u00fctzen. Dabei sollen die im Rahmen Ihres Projekts definierten Ziele so gut wie m\u00f6glich erf\u00fcllt werden. Dies l\u00e4sst sich etwa erreichen durch einen optimalen Projektplan und das geeignete Projektmanagement Tool.<\/p><p><img fetchpriority=\"high\" decoding=\"async\" class=\"alignnone size-full wp-image-1126\" src=\"https:\/\/atfb.de\/wp-content\/uploads\/2024\/07\/berater.jpg\" alt=\"\" width=\"1280\" height=\"700\" srcset=\"https:\/\/atfb.de\/wp-content\/uploads\/2024\/07\/berater.jpg 1280w, https:\/\/atfb.de\/wp-content\/uploads\/2024\/07\/berater-300x164.jpg 300w, https:\/\/atfb.de\/wp-content\/uploads\/2024\/07\/berater-1024x560.jpg 1024w, https:\/\/atfb.de\/wp-content\/uploads\/2024\/07\/berater-768x420.jpg 768w\" sizes=\"(max-width: 1280px) 100vw, 1280px\" \/><\/p><p>Advanced Technologies for Business GmbH steuert\u00a0<span style=\"text-decoration: underline;\">komplex<\/span>e Projekte in zahlreichen Branchen. Mit unserer breit gef\u00e4cherten Expertise im Projektmanagement betreuen wir nationale und internationale Kunden mit den unterschiedlichsten Anforderungen.<\/p><h2><strong>Die Prozessvalidierung muss gem\u00e4\u00df der ISO 13485 ein Bestandteil des Qualit\u00e4tsmanagementsystems sein<\/strong><\/h2><p>Wir sind erst dann zufrieden wenn\u00a0Projekt termingerecht abgeschlossen, alle Leistungen \u00a0erbracht wurden, alle Anlagen erfolgreich in Betrieb genommen wurden und die Prozessvalidierung ohne Probleme verlief.<\/p><p>Qualit\u00e4tssicherungs-Vorgaben aus dem Bereich des operativen Qualit\u00e4tsmanagements werden von unseren Mitarbeitern eingehalten werden und dauerhaft sichergestellt.<\/p><h2>Projekte im IT &amp; Netzwerkbereich<\/h2><p>F\u00fcr unsere Kunden entwickeln\u00a0wir durchdachte IT-Strategien und passgenaue L\u00f6sungen. \u00a0<\/p><p>Unser Team ist bestens vernetzt und kennt die Bed\u00fcrfnisse der Unternehmen vor Ort. Als Partner f\u00fcr alle IT-Belange und Netzwerkbereiche bringen wir die Digitalisierung Ihres Unternehmens gemeinsam voran.\u00a0<\/p><p>\u00a0<\/p>\t\t\t\t\t\t<\/div>\n\t\t\t\t<\/div>\n\t\t\t\t\t<\/div>\n\t\t\t\t<\/div>\n\t\t\t\t<\/div>\n\t\t","protected":false},"excerpt":{"rendered":"<p>Projektmanagement Projektmanagement dient dazu, bei der Organisation, Durchf\u00fchrung und Nachverfolgung Ihres Projekts zu unterst\u00fctzen. Dabei sollen die im Rahmen Ihres Projekts definierten Ziele so gut wie m\u00f6glich erf\u00fcllt werden. Dies l\u00e4sst sich etwa erreichen durch einen optimalen Projektplan und das geeignete Projektmanagement Tool. Advanced Technologies for Business GmbH steuert\u00a0komplexe Projekte in zahlreichen Branchen. Mit unserer [&hellip;]<\/p>\n","protected":false},"author":1,"featured_media":0,"parent":0,"menu_order":0,"comment_status":"closed","ping_status":"closed","template":"","meta":{"footnotes":""},"class_list":["post-1230","page","type-page","status-publish","hentry"],"_links":{"self":[{"href":"https:\/\/atfb.de\/index.php?rest_route=\/wp\/v2\/pages\/1230","targetHints":{"allow":["GET"]}}],"collection":[{"href":"https:\/\/atfb.de\/index.php?rest_route=\/wp\/v2\/pages"}],"about":[{"href":"https:\/\/atfb.de\/index.php?rest_route=\/wp\/v2\/types\/page"}],"author":[{"embeddable":true,"href":"https:\/\/atfb.de\/index.php?rest_route=\/wp\/v2\/users\/1"}],"replies":[{"embeddable":true,"href":"https:\/\/atfb.de\/index.php?rest_route=%2Fwp%2Fv2%2Fcomments&post=1230"}],"version-history":[{"count":28,"href":"https:\/\/atfb.de\/index.php?rest_route=\/wp\/v2\/pages\/1230\/revisions"}],"predecessor-version":[{"id":1275,"href":"https:\/\/atfb.de\/index.php?rest_route=\/wp\/v2\/pages\/1230\/revisions\/1275"}],"wp:attachment":[{"href":"https:\/\/atfb.de\/index.php?rest_route=%2Fwp%2Fv2%2Fmedia&parent=1230"}],"curies":[{"name":"wp","href":"https:\/\/api.w.org\/{rel}","templated":true}]}}