{"id":180,"date":"2024-03-21T16:28:06","date_gmt":"2024-03-21T16:28:06","guid":{"rendered":"https:\/\/atfb.de\/?page_id=180"},"modified":"2024-07-01T18:25:06","modified_gmt":"2024-07-01T18:25:06","slug":"ueber-uns","status":"publish","type":"page","link":"https:\/\/atfb.de\/?page_id=180","title":{"rendered":"\u00dcber uns"},"content":{"rendered":"\t\t<div data-elementor-type=\"wp-page\" data-elementor-id=\"180\" class=\"elementor elementor-180\" data-elementor-post-type=\"page\">\n\t\t\t\t<div class=\"elementor-element elementor-element-ce7a4c9 e-flex e-con-boxed e-con e-parent\" data-id=\"ce7a4c9\" data-element_type=\"container\">\n\t\t\t\t\t<div class=\"e-con-inner\">\n\t\t\t\t\t<\/div>\n\t\t\t\t<\/div>\n\t\t<div class=\"elementor-element elementor-element-b8bdf95 e-flex e-con-boxed e-con e-parent\" data-id=\"b8bdf95\" data-element_type=\"container\">\n\t\t\t\t\t<div class=\"e-con-inner\">\n\t\t\t\t<div class=\"elementor-element elementor-element-2ee2213 elementor-widget elementor-widget-text-editor\" data-id=\"2ee2213\" data-element_type=\"widget\" data-widget_type=\"text-editor.default\">\n\t\t\t\t<div class=\"elementor-widget-container\">\n\t\t\t\t\t\t\t<h1 class=\"uk-article-title\">\u00dcber uns<\/h1><p>Unsere Firma ist seit dem Jahr 2000 im IT- und Consulting Bereich t\u00e4tig. <em>Wir bieten\u00a0IT-bezogene Dienstleistungen an.<\/em><\/p><p>Unser \u00a0Team aus \u00a0erfahrenen Mitarbeiter:innen kann auf eine erfolgreiche Arbeit der vergangenen Jahre zur\u00fcckblicken und betreut neben bundesweiten Standorten mittlerweile auch Aufgabengebiete in Teilen Europas.<\/p><p>Mit der\u00a0langj\u00e4hrigen Erfahrung und Kompetenz unserer Mitarbeiter und Manager in den Bereichen Consulting, Professionals Managed Services und Netzwerktechnikern haben wir die Projekte unserer Kunden nachhaltig und erfolgreich umgesetzt und pflegen hierbei einen kollegialen, freundlichen Umgangston.<\/p><p>Advanced Technologies for Business GmbH verfolgt einen ganzheitlichen Consulting Ansatz, der Prozesse im Unternehmen auf monet\u00e4rer, technologischer, rechtlicher und prozessualer Ebene gleicherma\u00dfen optimiert.<\/p><p>Unser Beratungsstil? Zielorientiert, unternehmerisch, umsetzungsorientiert!.<\/p><p>Durch unsere Aufgabengebiete und Eins\u00e4tze in ganz Deutschland und in Europa k\u00f6nnen wir auf einen umfangreichen Kundenstamm zur\u00fcckblicken. Mit h\u00f6chster Zuverl\u00e4ssigkeit garantieren wir eine perfekt abgestimmte IT Infrastruktur f\u00fcr Ihr Unternehmen.<\/p>\t\t\t\t\t\t<\/div>\n\t\t\t\t<\/div>\n\t\t\t\t<div class=\"elementor-element elementor-element-7f72a5f elementor-widget elementor-widget-heading\" data-id=\"7f72a5f\" data-element_type=\"widget\" data-widget_type=\"heading.default\">\n\t\t\t\t<div class=\"elementor-widget-container\">\n\t\t\t<h2 class=\"elementor-heading-title elementor-size-default\">Seit nunmehr \u00fcber 20 Jahren betrachten wir die IT-Welt ganzheitlich und blicken auf Erfahrungen zur\u00fcck, die wir unseren Kunden in den folgenden Bereichen anbieten.\n<\/h2>\t\t<\/div>\n\t\t\t\t<\/div>\n\t\t<div class=\"elementor-element elementor-element-4ecd819 e-grid e-con-boxed e-con e-child\" data-id=\"4ecd819\" data-element_type=\"container\">\n\t\t\t\t\t<div class=\"e-con-inner\">\n\t\t\t\t<div class=\"elementor-element elementor-element-f18a1c5 elementor-widget elementor-widget-text-editor\" data-id=\"f18a1c5\" data-element_type=\"widget\" data-widget_type=\"text-editor.default\">\n\t\t\t\t<div class=\"elementor-widget-container\">\n\t\t\t\t\t\t\t<p><img fetchpriority=\"high\" decoding=\"async\" class=\"alignnone size-full wp-image-838\" src=\"https:\/\/atfb.de\/wp-content\/uploads\/2024\/07\/constulting.jpg\" alt=\"\" width=\"761\" height=\"374\" srcset=\"https:\/\/atfb.de\/wp-content\/uploads\/2024\/07\/constulting.jpg 761w, https:\/\/atfb.de\/wp-content\/uploads\/2024\/07\/constulting-300x147.jpg 300w\" sizes=\"(max-width: 761px) 100vw, 761px\" \/><\/p><p>Kompetenz f\u00fcr Training, Coaching und Beratung<\/p>\t\t\t\t\t\t<\/div>\n\t\t\t\t<\/div>\n\t\t\t\t<div class=\"elementor-element elementor-element-1368d55 elementor-widget elementor-widget-text-editor\" data-id=\"1368d55\" data-element_type=\"widget\" data-widget_type=\"text-editor.default\">\n\t\t\t\t<div class=\"elementor-widget-container\">\n\t\t\t\t\t\t\t<h2>\u00a0<\/h2><h2>\u00a0<\/h2><h2 style=\"text-align: center;\"><span style=\"color: #999999;\">Netzwerktechnik<\/span><\/h2>\t\t\t\t\t\t<\/div>\n\t\t\t\t<\/div>\n\t\t\t\t<div class=\"elementor-element elementor-element-715b656 elementor-widget elementor-widget-text-editor\" data-id=\"715b656\" data-element_type=\"widget\" data-widget_type=\"text-editor.default\">\n\t\t\t\t<div class=\"elementor-widget-container\">\n\t\t\t\t\t\t\t<p><img decoding=\"async\" class=\"alignnone size-full wp-image-842\" src=\"https:\/\/atfb.de\/wp-content\/uploads\/2024\/07\/it.jpg\" alt=\"\" width=\"675\" height=\"363\" srcset=\"https:\/\/atfb.de\/wp-content\/uploads\/2024\/07\/it.jpg 675w, https:\/\/atfb.de\/wp-content\/uploads\/2024\/07\/it-300x161.jpg 300w\" sizes=\"(max-width: 675px) 100vw, 675px\" \/>Koordination, Planung und Entwicklung<\/p>\t\t\t\t\t\t<\/div>\n\t\t\t\t<\/div>\n\t\t\t\t<div class=\"elementor-element elementor-element-d912599 elementor-widget elementor-widget-text-editor\" data-id=\"d912599\" data-element_type=\"widget\" data-widget_type=\"text-editor.default\">\n\t\t\t\t<div class=\"elementor-widget-container\">\n\t\t\t\t\t\t\t<p><img decoding=\"async\" class=\"alignnone size-full wp-image-843\" src=\"https:\/\/atfb.de\/wp-content\/uploads\/2024\/07\/it3.jpg\" alt=\"\" width=\"633\" height=\"340\" srcset=\"https:\/\/atfb.de\/wp-content\/uploads\/2024\/07\/it3.jpg 633w, https:\/\/atfb.de\/wp-content\/uploads\/2024\/07\/it3-300x161.jpg 300w\" sizes=\"(max-width: 633px) 100vw, 633px\" \/><\/p><p>Unterst\u00fctzung f\u00fcr Ihre Gesch\u00e4ftsprozesse<\/p>\t\t\t\t\t\t<\/div>\n\t\t\t\t<\/div>\n\t\t\t\t\t<\/div>\n\t\t\t\t<\/div>\n\t\t<div class=\"elementor-element elementor-element-cef660f e-grid e-con-boxed e-con e-child\" data-id=\"cef660f\" data-element_type=\"container\">\n\t\t\t\t\t<div class=\"e-con-inner\">\n\t\t\t\t\t<\/div>\n\t\t\t\t<\/div>\n\t\t\t\t\t<\/div>\n\t\t\t\t<\/div>\n\t\t\t\t<\/div>\n\t\t","protected":false},"excerpt":{"rendered":"<p>\u00dcber uns Unsere Firma ist seit dem Jahr 2000 im IT- und Consulting Bereich t\u00e4tig. Wir bieten\u00a0IT-bezogene Dienstleistungen an. Unser \u00a0Team aus \u00a0erfahrenen Mitarbeiter:innen kann auf eine erfolgreiche Arbeit der vergangenen Jahre zur\u00fcckblicken und betreut neben bundesweiten Standorten mittlerweile auch Aufgabengebiete in Teilen Europas. Mit der\u00a0langj\u00e4hrigen Erfahrung und Kompetenz unserer Mitarbeiter und Manager in den [&hellip;]<\/p>\n","protected":false},"author":1,"featured_media":0,"parent":0,"menu_order":0,"comment_status":"closed","ping_status":"closed","template":"","meta":{"footnotes":""},"class_list":["post-180","page","type-page","status-publish","hentry"],"_links":{"self":[{"href":"https:\/\/atfb.de\/index.php?rest_route=\/wp\/v2\/pages\/180","targetHints":{"allow":["GET"]}}],"collection":[{"href":"https:\/\/atfb.de\/index.php?rest_route=\/wp\/v2\/pages"}],"about":[{"href":"https:\/\/atfb.de\/index.php?rest_route=\/wp\/v2\/types\/page"}],"author":[{"embeddable":true,"href":"https:\/\/atfb.de\/index.php?rest_route=\/wp\/v2\/users\/1"}],"replies":[{"embeddable":true,"href":"https:\/\/atfb.de\/index.php?rest_route=%2Fwp%2Fv2%2Fcomments&post=180"}],"version-history":[{"count":70,"href":"https:\/\/atfb.de\/index.php?rest_route=\/wp\/v2\/pages\/180\/revisions"}],"predecessor-version":[{"id":1141,"href":"https:\/\/atfb.de\/index.php?rest_route=\/wp\/v2\/pages\/180\/revisions\/1141"}],"wp:attachment":[{"href":"https:\/\/atfb.de\/index.php?rest_route=%2Fwp%2Fv2%2Fmedia&parent=180"}],"curies":[{"name":"wp","href":"https:\/\/api.w.org\/{rel}","templated":true}]}}